{"id":3,"date":"2024-06-30T03:03:55","date_gmt":"2024-06-30T03:03:55","guid":{"rendered":"https:\/\/www.eui.money\/vietnam\/?page_id=3"},"modified":"2024-10-09T03:39:44","modified_gmt":"2024-10-09T03:39:44","slug":"terms","status":"publish","type":"page","link":"https:\/\/www.eui.money\/vietmoney\/terms\/","title":{"rendered":"Quy \u0111\u1ecbnh D\u1ecbch v\u1ee5"},"content":{"rendered":"\n<h1 class=\"wp-block-heading\">EUI VietMoney APP \u0110i\u1ec1u kho\u1ea3n S\u1eed d\u1ee5ng D\u1ecbch v\u1ee5<\/h1>\n\n\n\n<p>C\u00e1c \u0110i\u1ec1u kho\u1ea3n D\u1ecbch v\u1ee5 (&#8220;\u0110i\u1ec1u kho\u1ea3n&#8221;) \u0111\u01b0\u1ee3c EUI \u0111\u1ecbnh ngh\u0129a v\u00e0 qu\u1ea3n l\u00fd vi\u1ec7c s\u1eed d\u1ee5ng c\u00e1c d\u1ecbch v\u1ee5 \u0111\u01b0\u1ee3c cung c\u1ea5p b\u1edfi \u1ee9ng d\u1ee5ng di \u0111\u1ed9ng EUI VietMoney APP (sau \u0111\u00e2y g\u1ecdi l\u00e0 &#8220;D\u1ecbch v\u1ee5&#8221;) do Eastern Union Interactive Corporation cung c\u1ea5p (sau \u0111\u00e2y g\u1ecdi l\u00e0 \u201cEUI\u201d). Ng\u01b0\u1eddi d\u00f9ng s\u1eed d\u1ee5ng D\u1ecbch v\u1ee5 (sau \u0111\u00e2y g\u1ecdi t\u1eaft l\u00e0 &#8220;Ng\u01b0\u1eddi d\u00f9ng&#8221;) \u0111\u1ed3ng \u00fd s\u1eed d\u1ee5ng v\u1edbi th\u1ecfa thu\u1eadn nh\u01b0 sau:<\/p>\n\n\n\n<h2 class=\"wp-block-heading\">1. \u0110\u1ecdc hi\u1ec3u v\u00e0 ch\u1ea5p nh\u1eadn \u0110i\u1ec1u kho\u1ea3n<\/h2>\n\n\n\n<p>1.1 Ng\u01b0\u1eddi d\u00f9ng s\u1ebd \u0111\u1ecdc chi ti\u1ebft n\u1ed9i dung c\u1ee7a c\u00e1c \u0110i\u1ec1u kho\u1ea3n v\u00e0 \u0110i\u1ec1u ki\u1ec7n n\u00e0y tr\u01b0\u1edbc khi s\u1eed d\u1ee5ng D\u1ecbch v\u1ee5. M\u1ecdi ph\u1ea3n \u0111\u1ed1i s\u1ebd \u0111\u01b0\u1ee3c g\u1eedi t\u1edbi EUI tr\u01b0\u1edbc khi s\u1eed d\u1ee5ng v\u00e0 s\u1ebd kh\u00f4ng c\u00f2n \u0111\u01b0\u1ee3c s\u1eed d\u1ee5ng D\u1ecbch v\u1ee5. B\u1eb1ng c\u00e1ch s\u1eed d\u1ee5ng D\u1ecbch v\u1ee5, Ng\u01b0\u1eddi d\u00f9ng \u0111\u00e3 \u0111\u1ecdc, hi\u1ec3u v\u00e0 \u0111\u1ed3ng \u00fd ch\u1ea5p nh\u1eadn t\u1ea5t c\u1ea3 c\u00e1c \u0110i\u1ec1u kho\u1ea3n.<\/p>\n\n\n\n<p>1.2 EUI c\u00f3 th\u1ec3 s\u1eeda \u0111\u1ed5i ho\u1eb7c thay \u0111\u1ed5i n\u1ed9i dung c\u1ee7a c\u00e1c \u0110i\u1ec1u kho\u1ea3n n\u00e0y b\u1ea5t c\u1ee9 l\u00fac n\u00e0o. C\u00e1c \u0111i\u1ec1u kho\u1ea3n n\u00e0y sau khi thay \u0111\u1ed5i c\u00f3 hi\u1ec7u l\u1ef1c k\u1ec3 t\u1eeb th\u1eddi \u0111i\u1ec3m ch\u00fang \u0111\u01b0\u1ee3c xu\u1ea5t b\u1ea3n trong EUI VietMoney APP. N\u1ebfu ng\u01b0\u1eddi d\u00f9ng c\u00f3 b\u1ea5t k\u1ef3 ph\u1ea3n \u0111\u1ed1i n\u00e0o v\u1ec1 n\u1ed9i dung c\u1ee7a \u0111i\u1ec1u kho\u1ea3n n\u00e0y sau khi thay \u0111\u1ed5i, th\u00ec n\u00ean g\u1eedi t\u1edbi EUI tr\u01b0\u1edbc khi s\u1eed d\u1ee5ng v\u00e0 kh\u00f4ng s\u1eed d\u1ee5ng d\u1ecbch v\u1ee5 n\u1eefa. Vi\u1ec7c ti\u1ebfp t\u1ee5c s\u1eed d\u1ee5ng D\u1ecbch v\u1ee5 sau khi Ng\u01b0\u1eddi d\u00f9ng \u0111\u00e3 s\u1eeda \u0111\u1ed5i ho\u1eb7c thay \u0111\u1ed5i \u0110i\u1ec1u kho\u1ea3n s\u1ebd \u0111\u01b0\u1ee3c coi l\u00e0 \u0111\u00e3 \u0111\u01b0\u1ee3c \u0111\u1ecdc, hi\u1ec3u v\u00e0 \u0111\u1ed3ng \u00fd \u0111\u1ec3 Ng\u01b0\u1eddi d\u00f9ng ch\u1ea5p nh\u1eadn.<\/p>\n\n\n\n<h2 class=\"wp-block-heading\">2. \u0110\u0103ng k\u00fd<\/h2>\n\n\n\n<p>2.1 Khi s\u1eed d\u1ee5ng D\u1ecbch v\u1ee5, ng\u01b0\u1eddi d\u00f9ng c\u1ea7n \u0111\u0103ng k\u00fd v\u00e0 \u0111\u0103ng nh\u1eadp d\u1eef li\u1ec7u nh\u1eadn \u0111\u00fang v\u00e0 ch\u00ednh x\u00e1c, bao g\u1ed3m c\u1ea3 m\u1eb7t tr\u01b0\u1edbc v\u00e0 m\u1eb7t sau c\u1ee7a gi\u1ea5y ph\u00e9p c\u01b0 tr\u00fa, \u1ea3nh ch\u00e2n dung v\u00e0 th\u00f4ng tin li\u00ean quan kh\u00e1c trong th\u1eddi h\u1ea1n hi\u1ec7u l\u1ef1c. N\u1ebfu c\u00f3 s\u1ef1 thay \u0111\u1ed5i trong d\u1eef li\u1ec7u c\u00e1 nh\u00e2n, ng\u01b0\u1eddi d\u00f9ng n\u00ean c\u1eadp nh\u1eadt d\u1eef li\u1ec7u k\u1ecbp th\u1eddi. N\u1ebfu ng\u01b0\u1eddi d\u00f9ng cung c\u1ea5p b\u1ea5t k\u1ef3 th\u00f4ng tin l\u1ed7i ho\u1eb7c th\u00f4ng tin sai s\u1ef1 th\u1eadt, EUI c\u00f3 th\u1ec3 \u0111\u00ecnh ch\u1ec9 ho\u1eb7c ch\u1ea5m d\u1ee9t t\u00e0i kho\u1ea3n c\u1ee7a ng\u01b0\u1eddi d\u00f9ng v\u00e0 t\u1eeb ch\u1ed1i ng\u01b0\u1eddi d\u00f9ng s\u1eed d\u1ee5ng d\u1ecbch v\u1ee5, ng\u01b0\u1eddi d\u00f9ng ph\u1ea3i ch\u1ecbu m\u1ecdi tr\u00e1ch nhi\u1ec7m.<\/p>\n\n\n\n<p>2.2 S\u1ed1 t\u00e0i kho\u1ea3n c\u1ee7a ng\u01b0\u1eddi d\u00f9ng ch\u1ec9 c\u00f3 th\u1ec3 \u0111\u01b0\u1ee3c \u0111\u0103ng nh\u1eadp v\u00e0 s\u1eed d\u1ee5ng b\u1edfi ng\u01b0\u1eddi d\u00f9ng. Ng\u01b0\u1eddi d\u00f9ng n\u00ean c\u1ea9n th\u1eadn \u0111\u1ec3 tr\u00e1nh s\u1eed d\u1ee5ng kh\u00f4ng \u0111\u00fang c\u00e1ch. M\u1ecdi ho\u1ea1t \u0111\u1ed9ng v\u1edbi t\u00e0i kho\u1ea3n n\u00e0y \u0111\u1ec1u \u0111\u01b0\u1ee3c coi l\u00e0 h\u00e0nh vi c\u1ee7a ch\u00ednh ng\u01b0\u1eddi d\u00f9ng. N\u1ebfu EUI th\u1ea5y r\u1eb1ng ng\u01b0\u1eddi d\u00f9ng kh\u00f4ng ph\u1ea3i l\u00e0 ng\u01b0\u1eddi dung h\u1ee3p ph\u00e1p ho\u1eb7c s\u1eed d\u1ee5ng kh\u00f4ng \u0111\u00fang c\u00e1ch, ng\u01b0\u1eddi d\u00f9ng c\u00f3 th\u1ec3 b\u1ecb \u0111\u00ecnh ch\u1ec9 ho\u1eb7c ch\u1ea5m d\u1ee9t t\u00e0i kho\u1ea3n v\u00e0 t\u1eeb ch\u1ed1i ng\u01b0\u1eddi d\u00f9ng s\u1eed d\u1ee5ng d\u1ecbch v\u1ee5.<\/p>\n\n\n\n<p>2.3 M\u1ed7i ng\u01b0\u1eddi d\u00f9ng \u0111\u0103ng k\u00fd t\u00e0i kho\u1ea3n trong gi\u1edbi h\u1ea1n. T\u1ea5t c\u1ea3 c\u00e1c quy\u1ec1n c\u1ee7a ng\u01b0\u1eddi d\u00f9ng s\u1eed d\u1ee5ng d\u1ecbch v\u1ee5 kh\u00f4ng \u0111\u01b0\u1ee3c chuy\u1ec3n nh\u01b0\u1ee3ng, cho b\u00ean th\u1ee9 ba m\u01b0\u1ee3n ho\u1eb7c th\u1eeba k\u1ebf b\u1edfi b\u00ean th\u1ee9 ba.<\/p>\n\n\n\n<h2 class=\"wp-block-heading\">3. V\u1ec1 d\u1ecbch v\u1ee5<\/h2>\n\n\n\n<p>3.1 D\u1ecbch v\u1ee5 n\u00e0y cung c\u1ea5p cho ng\u01b0\u1eddi d\u00f9ng m\u1ed9t \u1ee9ng d\u1ee5ng di \u0111\u1ed9ng \u0111\u1ec3 \u1ee7y quy\u1ec1n m\u1ed9t c\u01a1 quan t\u01b0 nh\u00e2n h\u1ee3p ph\u00e1p v\u00e0 \u0111\u1ee7 \u0111i\u1ec1u ki\u1ec7n \u0111\u1ec3 x\u1eed l\u00fd ti\u1ec1n l\u01b0\u01a1ng c\u1ee7a c\u00f4ng nh\u00e2n n\u01b0\u1edbc ngo\u00e0i t\u1ea1i \u0110\u00e0i Loan.<\/p>\n\n\n\n<p>3.2 T\u1ef7 gi\u00e1 h\u1ed1i \u0111o\u00e1i \u0111\u01b0\u1ee3c cung c\u1ea5p b\u1edfi d\u1ecbch v\u1ee5 n\u00e0y ch\u1ec9 mang t\u00ednh tham kh\u1ea3o. T\u1ef7 gi\u00e1 h\u1ed1i \u0111o\u00e1i th\u1ef1c t\u1ebf s\u1ebd d\u1ef1a tr\u00ean t\u1ef7 gi\u00e1 h\u1ed1i \u0111o\u00e1i c\u1ee7a ng\u00e2n h\u00e0ng \u0111\u1ecba ph\u01b0\u01a1ng \u0110\u00e0i Loan v\u00e0 t\u1ef7 gi\u00e1 h\u1ed1i \u0111o\u00e1i do t\u1ed5 ch\u1ee9c \u0111\u1ed1i t\u00e1c \u0111\u1ecba ph\u01b0\u01a1ng cung c\u1ea5p.<\/p>\n\n\n\n<p>3.3 Khi ng\u01b0\u1eddi d\u00f9ng s\u1eed d\u1ee5ng d\u1ecbch v\u1ee5, m\u1ed9t kho\u1ea3n ph\u00ed \u0111\u01b0\u1ee3c t\u00ednh cho m\u1ed7i l\u1ea7n chuy\u1ec3n ti\u1ec1n. S\u1ed1 ti\u1ec1n ph\u00ed th\u1ef1c t\u1ebf s\u1ebd \u0111\u01b0\u1ee3c x\u00e1c \u0111\u1ecbnh d\u1ef1a tr\u00ean ki\u1ec3m tra t\u1ef1 \u0111\u1ed9ng giao d\u1ecbch hi\u1ec7n t\u1ea1i v\u00e0 giao d\u1ecbch s\u1ebd \u0111\u01b0\u1ee3c thi\u1ebft l\u1eadp sau khi ng\u01b0\u1eddi d\u00f9ng \u0111\u1ed3ng \u00fd v\u00e0 x\u00e1c nh\u1eadn.<\/p>\n\n\n\n<p>3.4 D\u1ecbch v\u1ee5 n\u00e0y tu\u00e2n theo gi\u1edbi h\u1ea1n v\u1ec1 l\u01b0\u1ee3ng ki\u1ec1u h\u1ed1i. Gi\u1edbi h\u1ea1n s\u1ed1 l\u01b0\u1ee3ng c\u1ee5 th\u1ec3 s\u1ebd \u0111\u01b0\u1ee3c h\u1ec7 th\u1ed1ng \u0111\u1eb7t theo c\u00e1c m\u1ee5c d\u1ecbch v\u1ee5 theo y\u00eau c\u1ea7u c\u1ee7a ng\u01b0\u1eddi d\u00f9ng.<\/p>\n\n\n\n<p>3.5 Khi ng\u01b0\u1eddi d\u00f9ng th\u1ef1c hi\u1ec7n d\u1ecbch v\u1ee5 n\u00e0y, ng\u01b0\u1eddi d\u00f9ng s\u1ebd x\u00e1c nh\u1eadn s\u1ed1 ti\u1ec1n thanh to\u00e1n ngo\u1ea1i h\u1ed1i v\u00e0 t\u00ednh ch\u1ea5t c\u1ee7a vi\u1ec7c chuy\u1ec3n ti\u1ec1n, v\u00e0 k\u00fd v\u00e0o Cam k\u1ebft chuy\u1ec3n ti\u1ec1n l\u01b0\u01a1ng c\u1ee7a c\u00f4ng nh\u00e2n n\u01b0\u1edbc ngo\u00e0i. N\u1ebfu b\u00e1o c\u00e1o kh\u00f4ng \u0111\u00fang s\u1ef1 th\u1eadt ho\u1eb7c kh\u00f4ng ch\u00ednh x\u00e1c, ng\u01b0\u1eddi d\u00f9ng s\u1ebd ph\u1ea3i ch\u1ecbu tr\u00e1ch nhi\u1ec7m v\u00e0 ch\u1ecbu tr\u00e1ch nhi\u1ec7m b\u1ed3i th\u01b0\u1eddng thi\u1ec7t h\u1ea1i.<\/p>\n\n\n\n<h2 class=\"wp-block-heading\">4. Thay \u0111\u1ed5i, b\u1ed5 sung, v\u00e0 ng\u1eebng ho\u1ea1t \u0111\u1ed9ng D\u1ecbch v\u1ee5<\/h2>\n\n\n\n<p>4.1 EUI c\u00f3 th\u1ec3, theo c\u00e1c \u0111i\u1ec1u ki\u1ec7n ho\u1ea1t \u0111\u1ed9ng th\u1ef1c t\u1ebf, thay \u0111\u1ed5i to\u00e0n b\u1ed9 ho\u1eb7c m\u1ed9t ph\u1ea7n n\u1ed9i dung c\u1ee7a D\u1ecbch v\u1ee5 b\u1ea5t c\u1ee9 l\u00fac n\u00e0o (v\u00e0 kh\u00f4ng c\u00f3 s\u1ef1 \u0111\u1ed3ng \u00fd c\u1ee7a ng\u01b0\u1eddi d\u00f9ng ho\u1eb7c th\u00f4ng b\u00e1o tr\u01b0\u1edbc cho Ng\u01b0\u1eddi d\u00f9ng) v\u00e0 ch\u1ea5m d\u1ee9t vi\u1ec7c cung c\u1ea5p D\u1ecbch v\u1ee5.<\/p>\n\n\n\n<p>4.2 EUI s\u1ebd kh\u00f4ng ch\u1ecbu tr\u00e1ch nhi\u1ec7m cho b\u1ea5t k\u1ef3 t\u1ed5n th\u1ea5t n\u00e0o do s\u1ef1 ch\u1eadm tr\u1ec5 trong d\u1ecbch v\u1ee5 ho\u1eb7c kh\u00f4ng th\u1ec3 giao d\u1ecbch do ng\u1eebng giao d\u1ecbch t\u1ea1m th\u1eddi.<\/p>\n\n\n\n<h2 class=\"wp-block-heading\">5. Quy\u1ec1n s\u1edf h\u1eefu tr\u00ed tu\u1ec7<\/h2>\n\n\n\n<p>5.1 C\u00e1c t\u00ednh n\u0103ng, d\u1ecbch v\u1ee5 v\u00e0 t\u00e0i li\u1ec7u c\u1ee7a \u1ee9ng d\u1ee5ng \u0111i\u1ec7n tho\u1ea1i di \u0111\u1ed9ng EUI VietMoney APP, bao g\u1ed3m nh\u01b0ng kh\u00f4ng gi\u1edbi h\u1ea1n \u1edf v\u0103n b\u1ea3n, t\u1ec7p h\u00ecnh \u1ea3nh, \u00e2m thanh v\u00e0 video, b\u1ea3n quy\u1ec1n, b\u1eb1ng s\u00e1ng ch\u1ebf, nh\u00e3n hi\u1ec7u, b\u00ed m\u1eadt th\u01b0\u01a1ng m\u1ea1i, quy\u1ec1n s\u1edf h\u1eefu tr\u00ed tu\u1ec7, quy\u1ec1n s\u1edf h\u1eefu kh\u00e1c \u0111\u1ec1u thu\u1ed9c quy\u1ec1n \u0111\u1ec1u thu\u1ed9c s\u1edf h\u1eefu c\u1ee7a EUI.<\/p>\n\n\n\n<p>5.2 Ng\u01b0\u1eddi d\u00f9ng \u0111\u1ed3ng \u00fd v\u00e0 th\u1eeba nh\u1eadn r\u1eb1ng vi\u1ec7c Ng\u01b0\u1eddi d\u00f9ng s\u1eed d\u1ee5ng D\u1ecbch v\u1ee5 v\u00e0 b\u1ea5t k\u1ef3 \u0110i\u1ec1u kho\u1ea3n n\u00e0o trong c\u00e1c \u0110i\u1ec1u kho\u1ea3n n\u00e0y li\u00ean quan \u0111\u1ebfn D\u1ecbch v\u1ee5 ho\u1eb7c quy\u1ec1n s\u1edf h\u1eefu tr\u00ed tu\u1ec7 trong D\u1ecbch v\u1ee5 s\u1ebd kh\u00f4ng \u0111\u01b0\u1ee3c coi l\u00e0 c\u00f3 quy\u1ec1n s\u1edf h\u1eefu, c\u00e1c quy\u1ec1n ho\u1eb7c l\u1ee3i \u00edch kh\u00e1c c\u1ee7a quy\u1ec1n s\u1edf h\u1eefu tr\u00ed tu\u1ec7 \u0111\u00f3.<\/p>\n\n\n\n<h2 class=\"wp-block-heading\">6. Kh\u01b0\u1edbc t\u1eeb<\/h2>\n\n\n\n<p>6.1 EUI c\u00f3 quy\u1ec1n \u0111\u00ecnh ch\u1ec9 ho\u1eb7c t\u1eeb ch\u1ed1i ng\u01b0\u1eddi d\u00f9ng truy c\u1eadp v\u00e0o m\u1ed9t ho\u1eb7c t\u1ea5t c\u1ea3 c\u00e1c D\u1ecbch v\u1ee5 m\u00e0 kh\u00f4ng c\u1ea7n th\u00f4ng b\u00e1o tr\u01b0\u1edbc cho Ng\u01b0\u1eddi d\u00f9ng v\u00e0 Ng\u01b0\u1eddi d\u00f9ng s\u1ebd kh\u00f4ng y\u00eau c\u1ea7u b\u1ea5t k\u1ef3 khi\u1ebfu n\u1ea1i ho\u1eb7c b\u1ed3i th\u01b0\u1eddng n\u00e0o v\u1ec1 v\u1ea5n \u0111\u1ec1 n\u00e0y:<\/p>\n\n\n\n<p>6.1.1 Ng\u01b0\u1eddi d\u00f9ng h\u1ee7y giao d\u1ecbch chuy\u1ec3n ti\u1ec1n \u0111\u00e3 ho\u00e0n th\u00e0nh m\u00e0 kh\u00f4ng c\u00f3 l\u00fd do.<\/p>\n\n\n\n<p>6.1.2 Ng\u01b0\u1eddi d\u00f9ng cung c\u1ea5p th\u00f4ng tin x\u00e1c th\u1ef1c danh t\u00ednh kh\u00f4ng ch\u00ednh x\u00e1c.<\/p>\n\n\n\n<p>6.1.3 Ph\u1ea7n m\u1ec1m ho\u1eb7c thi\u1ebft b\u1ecb ph\u1ea7n c\u1ee9ng \u0111\u01b0\u1ee3c s\u1eed d\u1ee5ng \u0111\u1ec3 \u0111\u1eb7t l\u1ea1i, thay th\u1ebf, b\u1ea3o tr\u00ec, c\u1eadp nh\u1eadt ho\u1eb7c s\u1eeda ch\u1eefa D\u1ecbch v\u1ee5.<\/p>\n\n\n\n<p>6.1.4 Ki\u1ec3m to\u00e1n EUI \u0111\u00e1nh gi\u00e1 r\u1eb1ng ng\u01b0\u1eddi s\u1eed d\u1ee5ng ho\u1eb7c ng\u01b0\u1eddi nh\u1eadn thanh to\u00e1n n\u1eb1m trong danh s\u00e1ch r\u1eeda ti\u1ec1n ho\u1eb7c danh s\u00e1ch \u0111en b\u1ecb nghi ng\u1edd r\u1eeda ti\u1ec1n, v.v., vi ph\u1ea1m lu\u1eadt r\u1eeda ti\u1ec1n, ph\u00f2ng ch\u1ed1ng kh\u1ee7ng b\u1ed1 v\u00e0 c\u00e1c quy \u0111\u1ecbnh t\u00e0i ch\u00ednh li\u00ean quan.<\/p>\n\n\n\n<p>6.1.5 D\u1ecbch v\u1ee5 b\u1ecb \u0111\u00ecnh ch\u1ec9, gi\u00e1n \u0111o\u1ea1n ho\u1eb7c kh\u00f4ng th\u1ec3 ho\u1ea1t \u0111\u1ed9ng b\u00ecnh th\u01b0\u1eddng do c\u00e1c h\u00e0nh \u0111\u1ed9ng c\u1ee7a b\u00ean th\u1ee9 ba ho\u1eb7c c\u00e1c h\u00e0nh \u0111\u1ed9ng kh\u00e1c kh\u00f4ng thu\u1ed9c v\u1ec1 EUI.<\/p>\n\n\n\n<p>6.1.6 Nh\u1eefng ng\u01b0\u1eddi d\u00f9ng kh\u00e1c s\u1eed d\u1ee5ng D\u1ecbch v\u1ee5 vi ph\u1ea1m \u0110\u1ea1o lu\u1eadt, c\u00e1c \u0110i\u1ec1u kho\u1ea3n n\u00e0y ho\u1eb7c \u0111\u00e3 vi ph\u1ea1m.<\/p>\n\n\n\n<p>6.2 B\u1edfi l\u00fd do thi\u00ean tai, chi\u1ebfn tranh, ho\u1ea1t \u0111\u1ed9ng kh\u1ee7ng b\u1ed1, vv kh\u00f4ng th\u1ec3 \u0111\u01b0\u1ee3c quy cho EUI, ho\u1eb7c l\u00fd do li\u00ean quan \u0111\u1ebfn c\u00e1c c\u01a1 quan c\u00f4ng quy\u1ec1n nh\u01b0 c\u01a1 quan c\u00f3 th\u1ea9m quy\u1ec1n, c\u01a1 quan ki\u1ec3m s\u00e1t ho\u1eb7c t\u00f2a \u00e1n, EUI s\u1ebd kh\u00f4ng ch\u1ecbu tr\u00e1ch nhi\u1ec7m cho b\u1ea5t k\u1ef3 thi\u1ec7t h\u1ea1i n\u00e0o \u0111\u1ed1i v\u1edbi l\u1ee3i \u00edch c\u1ee7a kh\u00e1ch h\u00e0ng ph\u00e1t sinh ho\u1eb7c li\u00ean quan \u0111\u1ebfn s\u1ef1 ch\u1eadm tr\u1ec5 trong vi\u1ec7c cung c\u1ea5p ho\u1eb7c kh\u00f4ng th\u1ec3 s\u1eed d\u1ee5ng D\u1ecbch v\u1ee5 trong \u1ee9ng d\u1ee5ng.<\/p>\n\n\n\n<p>6.3 EUI s\u1ebd kh\u00f4ng ch\u1ecbu tr\u00e1ch nhi\u1ec7m cho b\u1ea5t k\u1ef3 t\u1ed5n th\u1ea5t n\u00e0o ph\u00e1t sinh t\u1eeb d\u1eef li\u1ec7u \u0111\u0103ng nh\u1eadp c\u1ee7a ng\u01b0\u1eddi d\u00f9ng b\u1ecb x\u00e2m ph\u1ea1m ho\u1eb7c gi\u1ea3 m\u1ea1o do \u0111\u00e1nh c\u1eafp m\u1ea1ng c\u00f4ng c\u1ed9ng, m\u1ea1ng ri\u00eang, Internet kh\u00e1c v\u00e0 c\u00e1c m\u1ea1ng truy\u1ec1n th\u00f4ng kh\u00e1c.<\/p>\n\n\n\n<h2 class=\"wp-block-heading\">7. D\u1ecbch v\u1ee5 \u0111\u1ed1i t\u00e1c<\/h2>\n\n\n\n<p>D\u1ecbch v\u1ee5 n\u00e0y c\u00f3 th\u1ec3 ch\u1ee9a c\u00e1c d\u1ecbch v\u1ee5 ho\u1eb7c n\u1ed9i dung \u0111\u01b0\u1ee3c cung c\u1ea5p b\u1edfi c\u00e1c doanh nghi\u1ec7p kh\u00e1c c\u00f3 m\u1ed1i quan h\u1ec7 kinh doanh v\u1edbi EUI, ch\u1ecbu tr\u00e1ch nhi\u1ec7m v\u1ec1 c\u00e1c d\u1ecbch v\u1ee5 ho\u1eb7c n\u1ed9i dung do nh\u00e0 \u0111i\u1ec1u h\u00e0nh cung c\u1ea5p.<\/p>\n\n\n\n<h2 class=\"wp-block-heading\">8. Ch\u00ednh s\u00e1ch b\u1ea3o m\u1eadt<\/h2>\n\n\n\n<p>8.1 Ng\u01b0\u1eddi d\u00f9ng \u0111\u1ed3ng \u00fd r\u1eb1ng EUI s\u1ebd thu th\u1eadp, x\u1eed l\u00fd v\u00e0 s\u1eed d\u1ee5ng d\u1eef li\u1ec7u c\u00e1 nh\u00e2n c\u1ee7a Ng\u01b0\u1eddi d\u00f9ng v\u00e0 ng\u01b0\u1eddi nh\u1eadn thanh to\u00e1n \u0111\u1ec3 ho\u00e0n t\u1ea5t vi\u1ec7c thanh to\u00e1n ngo\u1ea1i h\u1ed1i v\u00e0 cung c\u1ea5p th\u00f4ng tin c\u00e1 nh\u00e2n \u0111\u00f3 cho b\u00ean th\u1ee9 ba c\u00f3 li\u00ean quan trong ph\u1ea1m vi d\u1ecbch v\u1ee5.<\/p>\n\n\n\n<p>V\u00e0 ng\u01b0\u1eddi d\u00f9ng \u0111\u1ed3ng \u00fd r\u1eb1ng EUI \u0111\u00e3 ho\u00e0n th\u00e0nh ngh\u0129a v\u1ee5 th\u00f4ng b\u00e1o theo \u0110i\u1ec1u 8 c\u1ee7a \u0110\u1ea1o lu\u1eadt b\u1ea3o v\u1ec7 d\u1eef li\u1ec7u c\u00e1 nh\u00e2n. N\u1ebfu kh\u00e1ch h\u00e0ng c\u00f3 \u00fd \u0111\u1ecbnh ch\u1ea5m d\u1ee9t s\u1ef1 \u0111\u1ed3ng \u00fd c\u1ee7a b\u00ean tr\u00ean, d\u1ecbch v\u1ee5 s\u1ebd b\u1ecb ch\u1ea5m d\u1ee9t c\u00f9ng m\u1ed9t l\u00fac v\u00e0 EUI s\u1ebd \u0111\u01b0\u1ee3c th\u00f4ng b\u00e1o b\u1eb1ng v\u0103n b\u1ea3n \u0111\u1ec3 ng\u1eebng thu th\u1eadp, x\u1eed l\u00fd v\u00e0 s\u1eed d\u1ee5ng d\u1eef li\u1ec7u c\u00e1 nh\u00e2n c\u1ee7a ng\u01b0\u1eddi d\u00f9ng.<\/p>\n\n\n\n<p>8.2 Ng\u01b0\u1eddi d\u00f9ng \u0111\u1ed3ng \u00fd r\u1eb1ng \u0110\u1ed1i t\u00e1c kinh doanh c\u1ee7a EUI v\u00e0 EUI c\u00f3 th\u1ec3 cung c\u1ea5p D\u1eef li\u1ec7u c\u00e1 nh\u00e2n c\u1ee7a ng\u01b0\u1eddi d\u00f9ng cho Kh\u00e1ch h\u00e0ng ho\u1eb7c c\u01a1 quan th\u1ef1c thi ph\u00e1p lu\u1eadt \u0111\u1ec3 c\u00f3 \u0111\u01b0\u1ee3c \u1ee7y quy\u1ec1n ho\u1eb7c cung c\u1ea5p h\u1ee3p ph\u00e1p cho Ch\u00ednh ph\u1ee7 v\u00e0 c\u00e1c c\u01a1 quan th\u1ef1c thi ph\u00e1p lu\u1eadt \u1edf n\u01b0\u1edbc ngo\u00e0i. Ng\u01b0\u1eddi d\u00f9ng c\u0169ng \u0111\u1ed3ng \u00fd r\u1eb1ng EUI c\u00f3 th\u1ec3 cung c\u1ea5p d\u1eef li\u1ec7u c\u00e1 nh\u00e2n c\u1ee7a Ng\u01b0\u1eddi d\u00f9ng cho EUI v\u00e0 c\u00e1c \u0111\u1ed1i t\u00e1c kinh doanh c\u1ee7a h\u1ecd, nh\u1eefng ng\u01b0\u1eddi s\u1eed d\u1ee5ng th\u00f4ng tin n\u00e0y \u0111\u1ec3 li\u00ean l\u1ea1c v\u1edbi Ng\u01b0\u1eddi d\u00f9ng v\u1ec1 c\u00e1c s\u1ea3n ph\u1ea9m ho\u1eb7c d\u1ecbch v\u1ee5 kh\u00e1c c\u1ee7a EUI v\u00e0 c\u00e1c \u0111\u1ed1i t\u00e1c kinh doanh c\u1ee7a EUI.<\/p>\n\n\n\n<h2 class=\"wp-block-heading\">9. Lu\u1eadt \u0111i\u1ec1u ch\u1ec9nh v\u00e0 quy\u1ec1n t\u00e0i ph\u00e1n<\/h2>\n\n\n\n<p>\u0110i\u1ec1u kho\u1ea3n n\u00e0y tu\u00e2n theo b\u1ea3n ti\u1ebfng Trung v\u00e0 lu\u1eadt \u00e1p d\u1ee5ng c\u1ee7a n\u00f3 l\u00e0 lu\u1eadt c\u1ee7a Trung Hoa D\u00e2n Qu\u1ed1c. Ng\u01b0\u1eddi d\u00f9ng \u0111\u1ed3ng \u00fd r\u1eb1ng tranh ch\u1ea5p ph\u00e1t sinh t\u1eeb vi\u1ec7c s\u1eed d\u1ee5ng D\u1ecbch v\u1ee5 ho\u1eb7c D\u1ecbch v\u1ee5 gi\u1eefa EUI v\u00e0 D\u1ecbch v\u1ee5 s\u1ebd \u0111\u01b0\u1ee3c x\u1eed l\u00fd b\u1edfi T\u00f2a \u00e1n s\u01a1 th\u1ea9m c\u1ee7a T\u00f2a \u00e1n \u0110\u00e0i B\u1eafc c\u1ee7a \u0110\u00e0i Loan.<\/p>\n","protected":false},"excerpt":{"rendered":"<p>EUI VietMoney APP \u0110i\u1ec1u kho\u1ea3n S\u1eed d\u1ee5ng D\u1ecbch v\u1ee5 C\u00e1c \u0110i\u1ec1u kho\u1ea3n D\u1ecbch v\u1ee5 (&#8220;\u0110i\u1ec1u kho\u1ea3n&#8221;) \u0111\u01b0\u1ee3c EUI \u0111\u1ecbnh ngh\u0129a v\u00e0 qu\u1ea3n l\u00fd vi\u1ec7c s\u1eed d\u1ee5ng c\u00e1c d\u1ecbch v\u1ee5 \u0111\u01b0\u1ee3c cung c\u1ea5p b\u1edfi \u1ee9ng d\u1ee5ng di \u0111\u1ed9ng EUI VietMoney APP (sau \u0111\u00e2y g\u1ecdi l\u00e0 &#8220;D\u1ecbch v\u1ee5&#8221;) do Eastern Union Interactive Corporation cung c\u1ea5p (sau \u0111\u00e2y [&hellip;]<\/p>\n","protected":false},"author":1,"featured_media":0,"parent":0,"menu_order":0,"comment_status":"closed","ping_status":"closed","template":"","meta":{"inline_featured_image":false,"footnotes":""},"class_list":["post-3","page","type-page","status-publish","hentry"],"acf":[],"_links":{"self":[{"href":"https:\/\/www.eui.money\/vietmoney\/wp-json\/wp\/v2\/pages\/3"}],"collection":[{"href":"https:\/\/www.eui.money\/vietmoney\/wp-json\/wp\/v2\/pages"}],"about":[{"href":"https:\/\/www.eui.money\/vietmoney\/wp-json\/wp\/v2\/types\/page"}],"author":[{"embeddable":true,"href":"https:\/\/www.eui.money\/vietmoney\/wp-json\/wp\/v2\/users\/1"}],"replies":[{"embeddable":true,"href":"https:\/\/www.eui.money\/vietmoney\/wp-json\/wp\/v2\/comments?post=3"}],"version-history":[{"count":24,"href":"https:\/\/www.eui.money\/vietmoney\/wp-json\/wp\/v2\/pages\/3\/revisions"}],"predecessor-version":[{"id":445,"href":"https:\/\/www.eui.money\/vietmoney\/wp-json\/wp\/v2\/pages\/3\/revisions\/445"}],"wp:attachment":[{"href":"https:\/\/www.eui.money\/vietmoney\/wp-json\/wp\/v2\/media?parent=3"}],"curies":[{"name":"wp","href":"https:\/\/api.w.org\/{rel}","templated":true}]}}